486 is divided by 55?
46
What is the remainder when 9672 is divided by 75?
72
Calculate the remainder when 82 is divided by 21.
19
Calculate the remainder when 756 is divided by 133.
91
Calculate the remainder when 9501 is divided by 18.
15
Calculate the remainder when 1517 is divided by 22.
21
Calculate the remainder when 7312 is divided by 385.
382
Calculate the remainder when 1221 is divided by 604.
13
Calculate the remainder when 2480 is divided by 13.
10
Calculate the remainder when 97 is divided by 15.
7
Calculate the remainder when 2404 is divided by 171.
10
Calculate the remainder when 607 is divided by 295.
17
What is the remainder when 1284 is divided by 11?
8
Calculate the remainder when 164 is divided by 50.
14
What is the remainder when 77 is divided by 13?
12
What is the remainder when 204 is divided by 44?
28
Calculate the remainder when 384 is divided by 74.
14
Calculate the remainder when 1746 is divided by 1732.
14
What is the remainder when 2054 is divided by 221?
65
Calculate the remainder when 127 is divided by 26.
23
What is the remainder when 7596 is divided by 152?
148
What is the remainder when 35 is divided by 22?
13
What is the remainder when 238 is divided by 30?
28
What is the remainder when 267 is divided by 6?
3
Calculate the remainder when 283 is divided by 32.
27
What is the remainder when 1127 is divided by 13?
9
What is the remainder when 475 is divided by 122?
109
What is the remainder when 1673 is divided by 25?
23
Calculate the remainder when 123 is divided by 56.
11
What is the remainder when 3220 is divided by 11?
8
What is the remainder when 42 is divided by 5?
2
What is the remainder when 813 is divided by 102?
99
Calculate the remainder when 531 is divided by 239.
53
Calculate the remainder when 27 is divided by 6.
3
What is the remainder when 759 is divided by 753?
6
Calculate the remainder when 401 is divided by 59.
47
What is the remainder when 1857 is divided by 61?
27
What is the remainder when 2178 is divided by 431?
23
What is the remainder when 203 is divided by 26?
21
Calculate the remainder when 1529 is divided by 153.
152
What is the remainder when 518 is divided by 142?
92
What is the remainder when 248 is divided by 15?
8
What is the remainder when 4003 is divided by 91?
90
What is the remainder when 329 is divided by 325?
4
Calculate the remainder when 760 is divided by 759.
1
Calculate the remainder when 928 is divided by 133.
130
What is the remainder when 301 is divided by 18?
13
What is the remainder when 1963 is divided by 116?
107
Calculate the remainder when 4889 is divided by 35.
24
Calculate the remainder when 749 is divided by 363.
23
Calculate the remainder when 20862 is divided by 4.
2
What is the remainder when 2577 is divided by 11?
3
Calculate the remainder when 1310 is divided by 52.
10
Calculate the remainder when 4447 is divided by 178.
175
What is the remainder when 723 is divided by 29?
27
What is the remainder when 292 is divided by 289?
3
What is the remainder when 1442 is divided by 28?
14
What is the remainder when 260 is divided by 170?
90
What is the remainder when 568 is divided by 11?
7
What is the remainder when 4412 is divided by 1468?
8
What is the remainder when 258 is divided by 52?
50
Calculate the remainder when 46 is divided by 7.
4
What is the remainder when 995 is divided by 21?
8
Calculate the remainder when 1033 is divided by 15.
13
What is the remainder when 460 is divided by 11?
9
What is the remainder when 510 is divided by 19?
16
What is the remainder when 22192 is divided by 62?
58
What is the remainder when 274 is divided by 38?
8
What is the remainder when 821 is divided by 42?
23
What is the remainder when 1113 is divided by 26?
21
What is the remainder when 226 is divided by 222?
4
Calculate the remainder when 153 is divided by 14.
13
Calculate the remainder when 249 is divided by 68.
45
What is the remainder when 2121 is divided by 98?
63
Calculate the remainder when 335 is divided by 331.
4
Calculate the remainder when 17372 is divided by 17.
15
Calculate the remainder when 25397 is divided by 13.
8
What is the remainder when 32 is divided by 9?
5
What is the remainder when 81 is divided by 21?
18
What is the remainder when 1868 is divided by 10?
8
Calculate the remainder when 187 is divided by 29.
13
Calculate the remainder when 375 is divided by 14.
11
What is the remainder when 3546 is divided by 34?
10
What is the remainder when 1944 is divided by 3?
0
What is the remainder when 825 is divided by 15?
0
What is the remainder when 6064 is divided by 138?
130
Calculate the remainder when 171 is divided by 5.
1
Calculate the remainder when 1120 is divided by 81.
67
Calculate the remainder when 245 is divided by 50.
45
Calculate the remainder when 42 is divided by 10.
2
What is the remainder when 44 is divided by 22?
0
Calculate the remainder when 6523 is divided by 75.
73
Calculate the remainder when 854 is divided by 45.
44
What is the remainder when 2381 is divided by 93?
56
What is the remainder when 210 is divided by 52?
2
What is the remainder when 708 is divided by 13?
6
Calculate the remainder when 178 is divided by 17.
8
What is the remainder when 2353 is divided by 32?
17
Calculate the remainder when 289 is divided by 159.
130
Calculate the remainder when 126 is divided by 36.
18
What is the remainder when 54 is divided by 44?
10
Calculate the remainder when 744 is divided by 149.
148
What is the remainder when 988 is divided by 26?
0
What is the remainder when 643 is divided by 158?
11
Calculate the remainder when 356 is divided by 15.
11
Calculate the remainder when 478 is divided by 121.
115
What is the remainder when 794 is divided by 253?
35
Calculate the remainder when 117 is divided by 24.
21
What is the remainder when 216 is divided by 62?
30
What is the remainder when 165 is divided by 37?
17
What is the remainder when 1118 is divided by 10?
8
Calculate the remainder when 8636 is divided by 129.
122
Calculate the remainder when 164 is divided by 34.
28
Calculate the remainder when 89 is divided by 25.
14
Calculate the remainder when 33 is divided by 33.
0
Calculate the remainder when 146 is divided by 71.
4
Calculate the remainder when 74 is divided by 71.
3
What is the remainder when 21012 is divided by 45?
42
What is the remainder when 62 is divided by 7?
6
Calculate the remainder when 3651 is divided by 261.
258
Calculate the remainder when 703 is divided by 17.
6
What is the remainder when 1931 is divided by 12?
11
What is the remainder when 526 is divided by 66?
64
What is the remainder when 510 is divided by 504?
6
What is the remainder when 204 is divided by 52?
48
Calculate the remainder when 168 is divided by 17.
15
Calculate the remainder when 277 is divided by 259.
18
Calculate the remainder when 1113 is divided by 331.
120
Calculate the remainder when 408 is divided by 41.
39
What is the remainder when 312 is divided by 298?
14
Calculate the remainder when 915 is divided by 4.
3
What is the remainder when 2664 is divided by 23?
19
What is the remainder when 5300 is divided by 27?
8
Calculate the remainder when 7180 is divided by 126.
124
Calculate the remainder when 177 is divided by 156.
21
Calculate the remainder when 327 is divided by 47.
45
Calculate the remainder when 169 is divided by 66.
37
Calculate the remainder when 541 is divided by 71.
44
What is the remainder when 44 is divided by 11?
0
What is the remainder when 238 is divided by 35?
28
What is the remainder when 302 is divided by 62?
54
What is the remainder when 817 is divided by 108?
61
What is the remainder when 446 is divided by 90?
86
Calculate the remainder when 2808 is divided by 1388.
32
What is the remainder when 519 is divided by 54?
33
Calculate the remainder when 1023 is divided by 341.
0
What is the remainder when 229 is divided by 36?
13
Calculate the remainder when 245 is divided by 9.
2
Calculate the remainder when 210 is divided by 79.
52
What is the remainder when 362 is divided by 121?
120
What is the remainder when 1474 is divided by 59?
58
Calculate the remainder when 3137 is divided by 241.
4
What is the remainder when 151 is divided by 46?
13
What is the remainder when 277 is divided by 4?
1
Calculate the remainder 